Let d(w) = 16*w**2 - 5. Let k(a) = a**3 + 29*a**2 - 9. Let n(y) = -11*d(y) + 6*k(y). Give n(i).
5
Let w = -75 - 2. Let l = 82 + w. Let a(j) = -j**3 + 5*j**2 - 3*j + 1. Determine a(l).
-14
Let j(a) = 19*a + 65. Let c(m) = 12*m + 43. Let p(h) = -8*c(h) + 5*j(h). Calculate p(-12).
-7
Let k(b) = 2*b - 3. Let x be (-21)/14*(-40)/(-12). What is k(x)?
-13
Let z = 1983 + -1977. Let p(j) = 7*j - 42. What is p(z)?
0
Let x(s) = 5*s**3 - 15*s**2 - 5*s + 7. Let c(i) = -3*i**3 + 10*i**2 + 3*i - 5. Let u(f) = 8*c(f) + 5*x(f). Let v(n) = -10*n + 66. Let m be v(7). Determine u(m).
15
Suppose 3*k + 5*c = -26, 5*c + 4 - 13 = 2*k. Let f = -2 - -3. Let v be -2*(f + -2) + k. Let t(b) = 2*b + 3. Determine t(v).
-7
Let k = -64 - -114. Suppose -k = -z + 18. Let v be z/(-16) - 1/(-4). Let y(q) = 2*q**2 + 6*q + 2. Determine y(v).
10
Let c(m) = -m**3 - 8*m**2 + 3*m + 12. Let b = -262 - -254. What is c(b)?
-12
Let h = -37 + 86. Let w(c) = 50*c**2 + 5*c - h*c**2 - 6*c. Determine w(2).
2
Let z(g) = -2*g + 7. Let d(h) = h**2 + 3*h - 11. Let t(p) = 5*d(p) + 8*z(p). Suppose 4*c + 47 = 51. Give t(c).
5
Let c = -478 + 476. Let z(u) = -6*u**2 - u. Give z(c).
-22
Let x(v) = 7*v**2 + v**3 - 3*v - 3 + v + 6*v. Let g(d) = -d**3 + 80*d + 3. Let t be g(9). Calculate x(t).
9
Let u(n) = -2*n + 5. Let m(v) = -v + 4. Let f(k) = -3*m(k) + 2*u(k). What is f(3)?
-5
Let p(v) = 6*v + 1. Let b be (40/(-15))/(((-12)/9)/2). Let r(l) = -l**2 + 11*l + 2. Let s(g) = b*r(g) - 7*p(g). Determine s(-1).
-5
Let b(f) = -2*f**2 + 3*f + 2. Suppose 0 = 3*c + 5*h - 19, c - 194*h - 8 = -196*h. What is b(c)?
-12
Let z(d) = -d**3 - 7*d**2 - 5*d - 6. Let p(h) = h**3 + 4*h**2 - 11*h + 10. Let j be p(-6). Suppose j*n = 9*n + 30. Determine z(n).
-12
Let x be 2/1 - (11 - 0). Let t(g) = g**2 + 10*g + 5. Let i be t(x). Let w(m) = 6*m + 5*m**2 + 4 + 0 + m**3 + 0*m**3. What is w(i)?
-4
Let j(z) = 2*z - 1. Let k(a) = a**2 + 19*a - 16. Let y(n) = -6*j(n) + k(n). Give y(-9).
8
Let n(y) = -y**2 - 3*y - 1. Let k(l) = -4*l**2 - 13*l - 21. Let v(x) = k(x) - 5*n(x). Give v(-7).
19
Let h(m) be the third derivative of m**5/60 - 7*m**4/24 - m**3 + 9*m**2. Let s = -7 + 15. What is h(s)?
2
Let o(x) = 7*x**2 + 22*x - 10. Let l(r) = -2*r**2 - 6*r + 3. Let q(k) = 22*l(k) + 6*o(k). Determine q(2).
-2
Let d(r) = 2*r**2 - 22 + 0*r**2 - 18*r + 13 + 17 - 6*r. What is d(12)?
8
Let h(t) = 24*t**2 + 32*t - 31. Let s(r) = -5*r**2 - 8*r + 8. Let o(i) = 2*h(i) + 9*s(i). Calculate o(6).
70
Let d(f) be the second derivative of f**5/4 + f**4/12 - f**3/3 + 3*f**2/2 + 667*f. Determine d(2).
43
Let o(m) = -m - 5. Suppose -2*i = -4*i. Suppose -y + i - 6 = 0. Let l be (7/(-3))/((-2)/y). Determine o(l).
2
Let r = 48 - 19. Let a = 18 - r. Let q = a + 16. Let w(g) = -g + 1. Give w(q).
-4
Let i = 5 - 13. Let w be ((-2)/(-4))/(i/(-64)). Let z(f) = 5*f - 1. Let l(j) = -j. Let o(t) = w*l(t) + z(t). Give o(-1).
-2
Let u(z) = -2*z + 11. Let n be u(8). Let d(k) = -k**3 + 7*k**2 + k + 2. Let c be d(7). Let l(t) = -1 + c - t + 0*t - 1. Calculate l(n).
12
Let h(t) = -2*t - 8. Let p(x) = x + 4. Let k(v) = 2*h(v) + 5*p(v). Determine k(-7).
-3
Let s(a) be the first derivative of -a**4/4 - a**3/3 - a**2 + a + 5. Suppose 0 = -3*n - 5*z + 21, 5*z - 7 = -n - 0*n. Let p = n - 9. Determine s(p).
9
Let i(o) be the first derivative of -o**3/3 + 3*o**2 + o + 34. Suppose -g = -2*q + 6 + 2, 2*g - 19 = -3*q. Suppose -10 - g = -2*u. What is i(u)?
1
Let z(m) be the second derivative of m**3/3 + 2*m**2 - 248*m. Determine z(-4).
-4
Let n(j) = 29 - 14 - 2*j - 15 - 12*j. Give n(1).
-14
Let h = 31/15 + -7/5. Let j(y) be the second derivative of -1/6*y**4 - 5*y + 0 + y**2 + 1/20*y**5 - h*y**3. Give j(3).
-1
Let a be 4 - (21/3 - 1). Let o be (1/(-3))/(a/(-30)). Let s(g) = -g**3 - 6*g**2 - 4*g - 3. What is s(o)?
-8
Let g(z) be the second derivative of -z**4/12 + 5*z**3/6 + z**2 + 6*z + 1. Determine g(3).
8
Suppose -4*r + 5 = r. Let q be 1/(0 - r/(-12)). Let w = 8 - q. Let y(o) = -o**3 - 4*o**2 + 2*o + 1. Give y(w).
-7
Let g(u) = -u**2 + u - 3. Let o(n) = -n + 1. Let z(j) = -g(j) - o(j). Calculate z(3).
11
Let p(a) = -a - 3. Suppose 2*u - u + 11 = j, -4*u - 2*j - 20 = 0. Give p(u).
4
Let n be (-13 - -8 - 11/1) + 3. Let h(r) = r**3 + 12*r**2 - 13*r + 8. Calculate h(n).
8
Let h be (-8)/(-36) - 2/9. Let m(d) = d + 3. Let n(b) = -5*b - 16. Suppose -2*k - k + 2*c = 0, 0 = 4*k - c + 5. Let v(o) = k*n(o) - 11*m(o). Calculate v(h).
-1
Let v(u) = u**3 - 4*u**2 + u + 1. Suppose 2*j - 19 = x - 4, -4*j + 37 = 5*x. Suppose 10 = j*s - 22. What is v(s)?
5
Let v(h) = -1102 + 1102 - 2*h - h**3 + 2*h**2. Determine v(2).
-4
Let g = -20 + 20. Suppose -2*x + g = -a + 1, 5*x = -4*a + 30. Let q(r) = 7*r - 3. Let t(w) = -9*w + 3. Let c(z) = -4*q(z) - 3*t(z). Give c(x).
1
Let c = -2 - -2. Let p(m) = 20*m**3 + 17*m - 37. Let y(t) = 7*t**3 + 6*t - 12. Let u(n) = -6*p(n) + 17*y(n). Give u(c).
18
Let b = -78 + 74. Let d(i) be the third derivative of -i**5/60 - i**4/6 - 5*i**3/6 + 3*i**2. Calculate d(b).
-5
Let c = 2 - 6. Let d(j) be the third derivative of j**7/5040 + 7*j**6/720 - j**5/15 - 5*j**2. Let w(u) be the third derivative of d(u). Give w(c).
3
Suppose 5*x = k - 5*k - 12, -2*x = 4*k + 12. Let w(d) be the second derivative of d**5/20 + d**4/12 - 5*d**2/2 + 13*d. Calculate w(x).
-5
Let y be (-182)/(-21) - (-2)/6. Let n(q) = -4 + y*q + 3 + 5*q**2 - q**3 + 8 - 3*q. Suppose 0 = g - 2*x - 12, 0*g + 3*x = -4*g + 15. What is n(g)?
7
Let v(w) = 8*w - 16. Let y(a) = -10*a + 17. Let g(n) = 7*v(n) + 6*y(n). Determine g(-4).
6
Let k(d) = -d**3 - 2*d - 1. Let j(v) = -v**3 + 2*v**2 + 8*v - 15. Let p be j(3). Determine k(p).
-1
Let u be (-456)/(-108) - 4/18. Let j(v) = 4 + u*v - 7*v + v. Determine j(-5).
14
Suppose -11*z = -2*z - 27. Let x(p) = 8*p**z + 2*p**2 + 2 + 3*p**2 + 2*p - 1 - 4*p**2. Suppose k - 3 = 4*k. What is x(k)?
-8
Let w(z) be the first derivative of -z**2 - 4*z - 69. Suppose 4*j + 43 = -3*h, -5*j = 3*h + 59 - 9. What is w(j)?
10
Suppose -7 = z + 3*p, -2*z + 0 = 2*p + 2. Let y(x) = x. Let i be y(6). Let f be (z/i)/((-7)/42). Let t(w) = w**3 + 3*w**2 + 2. Determine t(f).
6
Let j(u) = 12 + u**3 + 0*u**3 + 8*u - 16*u + 8*u**2 - 5. Determine j(-9).
-2
Let r(k) be the first derivative of -k**5/60 + 3*k**4/8 - 5*k**3/3 - 37*k**2/2 + 3. Let s(i) be the second derivative of r(i). Determine s(9).
-10
Let x(p) = -3*p**3 - 3*p**2 - 3*p + 2. Let f be x(-1). Let j(t) be the third derivative of 0 + 0*t + t**2 + 5/6*t**3 + 1/24*t**4. Determine j(f).
10
Let w(o) = 13*o**3 + 2*o**2 + 2*o + 1. Let b = -69 - -68. Give w(b).
-12
Let n(x) = x**2 - 2*x + 1. Let q(h) = h**3 + 9*h**2 - 16*h - 4. Let a(w) = 4*n(w) - q(w). What is a(-6)?
-4
Let c(b) be the second derivative of -10*b + 0 - 1/2*b**2 + 1/12*b**4 + 2/3*b**3. Give c(-3).
-4
Let v(b) = -70 - 288*b + 294*b + 4. What is v(12)?
6
Let b(j) = j - 3. Let r be -15*(2/(-6))/(5/5). Suppose -3*c + 4*g = -9, -3*g - 21 = -r*c - 6. What is b(c)?
0
Let k(x) = 2*x**2 - 3*x - 3. Let y be k(3). Let l(r) = 2*r - 1. Let m(p) = -6*p + 4. Let w(n) = -11*l(n) - 4*m(n). Give w(y).
7
Suppose -2 = y - 8. Suppose -2*m + 12 = y. Suppose 31 - 7 = m*x. Let h(f) = -2*f + 9. What is h(x)?
-7
Let i(t) be the third derivative of t**5/60 - 5*t**4/24 + 2*t**3 - 12*t**2. Let c be i(6). Let v = 14 - c. Let x(o) = o**3 + 5*o**2 + o - 2. Determine x(v).
10
Let z(v) = -v**3 - 7*v**2 - 4*v + 6. Let n be (-6 + 6)/(-8) + -5. What is z(n)?
-24
Let r be -2*(-6)/((-84)/(-7)). Let z(t) = -7*t + 1. Give z(r).
-6
Let l = 16 + -22. Suppose 0 = 7*m - 32 + 11. Let t(g) = -g + 2 - 11 + m. Determine t(l).
0
Let t be -70*((-24)/20)/3. Suppose 4*m - t = -5*p, -5*m = -m - 2*p - 28. Let i = m + -5. Let r(l) = l**3 - l**2 - l - 2. What is r(i)?
0
Suppose -5*q - 34 = -3*i, -5*q - 5*i + 17 = 67. Let s be ((-12)/(-15))/(q/60). Let y(n) = 3*n - 3*n**2 + 6 - 7*n + 2*n**2. Calculate y(s).
-6
Let t(j) be the first derivative of -3*j**2/2 - 2*j + 2. Let h = 742 + -744. Calculate t(h).
4
Let y(u) be the first derivative of -u**5/120 - u**4/6 - 28*u**3/3 - 31. Let g(m) be the third derivative of y(m). Calculate g(-3).
-1
Let b(a) = a**2 + 0*a**2 - 6 + 3 - 50*a + 52*a. Suppose 3*v - 4 = 5*h, 5*v - 8 = h + 6. Give b(v).
12
Let a(t) = -t**3 - t**2 + 3*t + 1. Let b be (4 - 0)/((1 - 3) + 3). Suppose -9 = -5*u + 5*d - b, d = -5*u - 13. Determine a(u